t m(i) be the third derivative of i**5/60 + 3*i**4/4 - 9*i**3 + 101*i**2. What is the tens digit of m(c)?
3
Let l(h) = 3*h**2 + 17*h - 10. Let k be (-2*3/18)/(1/(-12)). Suppose j = -3*t + 3, -2*j + 5*j = k*t - 56. What is the tens digit of l(j)?
1
Let r(z) = z + 21. Let a be r(-13). Suppose a*v = -5 + 21. Suppose v*t + 135 = i + 3*t, 0 = 4*t. What is the units digit of i?
5
Let c be -2 + 2 + -2 - (3 + -9). Suppose -4*i = 2*s - c, 24 = 5*i - i - 3*s. Suppose -i*r + 5*n = n - 461, 5*n + 150 = r. What is the hundreds digit of r?
1
Suppose 0 = 5*p - 8 - 2. Suppose -p*q - 144 = -q. Let n = -57 - q. What is the units digit of n?
7
Suppose -5*l - 47 = -4*w, -2*w + 28 = -2*l + 4*l. Let m(g) = w - 2*g + g - 5. What is the units digit of m(-4)?
2
Let z(p) = 2*p - 18. Let r be z(9). Let v be r - -127 - (-6 + 2). Let b = -65 + v. What is the units digit of b?
6
What is the units digit of (5 + (-286770)/70)*2/((-16)/28)?
1
Let w(x) be the third derivative of x**5/20 + 17*x**4/24 - 7*x**3/2 - 8*x**2 - 2*x. What is the units digit of w(-9)?
9
Suppose -l + 3*z = -0*z - 18, 3*l = 5*z + 50. Let x(a) = 2*a**3 - 29*a**2 - 12*a - 33. What is the units digit of x(l)?
2
Suppose -f = -j - 5, -1 - 4 = 2*j - f. Suppose j = 5*l + m - 11, -4*l + 0*l = 4*m - 12. Suppose -l*t + 163 = -271. What is the tens digit of t?
1
Let c(k) = -8 - 9*k - 6 - 5 + 10*k. Let r be c(20). What is the tens digit of (-1)/((-1)/108*r)?
0
Suppose -91*l = -90*l - 3*w - 34001, -5*w = -10. What is the tens digit of l?
0
Let j(g) = 4*g**2 - 1 + 5*g**3 - 2*g**2 - 25 + 19. Let h be ((-4)/6)/((-4)/18). What is the units digit of j(h)?
6
Let v be (-19)/(-5) + 97/485. Suppose 0 = -4*r - 18 + 66. Suppose v*z + 5*p = 206, r*p = 5*z + 11*p - 243. What is the tens digit of z?
4
Let o(u) = 2*u**2 + 12*u + 18. Let n be o(-6). Suppose 1426 = 4*l - n. What is the units digit of l?
1
Suppose 189702 = -77*m + 1555528. What is the units digit of m?
8
Let j be -3 + 2*(-5)/2 + 94. Suppose -81*f = -j*f + 6095. What is the hundreds digit of f?
2
Let d = 9015 - 4386. What is the hundreds digit of d/12 + 19/76?
3
Let d be (17/(-2) + 4)/(9/12). What is the tens digit of (74/d)/((-39)/1053)?
3
Suppose 0 = 494*w + 11910499 - 15556581 - 24669998. What is the tens digit of w?
2
Let t be (-12)/4*1/((-6)/(-28)). Let f = -94 - -82. What is the units digit of (t - f) + (-108)/(-1)?
6
Suppose i = 5*a - 171483, 31*a = 29*a + 5*i + 68607. What is the units digit of a?
6
Suppose -3*q + 4*c = -3, -8*c + 3 = -7*c. Suppose 2*x + q*o - 26 = 0, -4*o = -5*x + 10*x - 48. What is the units digit of x?
8
Suppose 16*d + 28809 = -17*d. Let v = -217 - d. What is the tens digit of v?
5
Let x(s) = -18*s - 9. Let w(r) = -r**2 - 10*r + 11. Let q be w(-13). Let u = -33 - q. What is the units digit of x(u)?
1
Suppose 4*f = -244 - 16. Let g = -43 - f. What is the units digit of (99/g)/((-2)/(-4))?
9
Let t = 497 + -882. Let f = -52 - t. What is the units digit of f?
3
Let c = -7346 + 14519. What is the units digit of c?
3
Let n(p) = 68*p**2 - p + 2. Suppose -5*h + 19 = -2*y, 2*y + 38*h - 1 = 39*h. What is the tens digit of n(y)?
1
Let w = -542 + 10424. What is the hundreds digit of w?
8
Let u be (0 + (3 - 2))*0/5. Let x be -2 - (-3 + u)*1. What is the units digit of (44/x - 1) + 0?
3
Suppose -c + 2081 = -2*l + 6*l, -10515 = -5*c + 2*l. Suppose 0 = 34*x - c - 11431. What is the tens digit of x?
9
What is the tens digit of (2*41079)/((-12 - 258/(-21))*7)?
7
Suppose 0 = 5*t - 3*y + 8*y - 9835, 5916 = 3*t - 2*y. What is the hundreds digit of t?
9
Let a be 2912/(-18) - (-42)/(-189). Let f be 1/(0 + (-3)/a). What is the tens digit of (14/3)/(9/f)?
2
Suppose 185 - 2873 = -24*j. Let o = 510 - j. What is the units digit of o?
8
Suppose 37423 + 5147 = 15*j. What is the hundreds digit of j?
8
Let u = -2753 + 7698. What is the units digit of u?
5
Suppose 4*v + i + 29130 = 126896, -3*i = 6. What is the hundreds digit of v?
4
Let c be (-18)/(-2) + (16 - 20). Suppose m + 1580 = l, 4*l + 548 - 6850 = -c*m. What is the hundreds digit of l?
5
What is the ten thousands digit of (-9 + 51)*23903/66?
1
What is the units digit of ((-254550)/120)/((-45)/(-48) + -1)?
0
Let y be (-382)/(-14) - 2/7. Let t(v) = 40*v + 41. Let b be t(-1). Let q = y - b. What is the units digit of q?
6
Suppose -8*v - 88*v = -2230080. What is the ten thousands digit of v?
2
Let p = -58738 + 137842. What is the units digit of p?
4
Suppose 0 = 5*r - 2*l - 66 - 48, 4*r - l = 93. Suppose 0 = -r*a + 9279 + 1833. What is the units digit of a?
3
Suppose -62 - 68 = 26*g. What is the tens digit of -3 + (58 + g - -2)?
5
Suppose -234510 = -277*j + 99552. What is the thousands digit of j?
1
Let g(x) = -1207*x**3 + 23*x + 40. What is the tens digit of g(-2)?
5
Suppose -3*h + 0*h - 22 = -2*j, -2*h - 24 = j. Let v(l) = l**2 - 151*l - 1126. Let f be v(-7). What is the tens digit of (-12)/f - 574/h?
5
Let u(f) = 55*f - 1034. What is the units digit of u(27)?
1
Let f be (9/15)/(6/20). Suppose 12*y + f = 13*y. Suppose 0 = -6*v + 38 - y. What is the units digit of v?
6
Suppose 134*a - 94*a = 83*a - 1088072. What is the hundreds digit of a?
3
Let l(s) be the first derivative of -8*s - 5 + 2/3*s**3 + 5/2*s**2. What is the units digit of l(-5)?
7
Suppose 0 = 2*z - 8, -11*w - 284064 = -21*w - z. What is the thousands digit of w?
8
Suppose 241 = -19*v + 7822. What is the hundreds digit of v?
3
Let g(q) = 4*q**3 + 2*q**2 + 12*q + 12. Let f(o) = -o**3 + o - 1. Let s(t) = 5*f(t) + g(t). What is the units digit of s(-6)?
3
Suppose 3*j - 3036 = 3*t, -17*t = -18*t - 8. What is the thousands digit of j?
1
Let v = -43 + 51. Suppose 0*z - v*z - 56 = 0. What is the units digit of (-4 - 10 - z)/(1/(-11))?
7
Let j(a) = -a**3 + 10*a**2 + 279*a + 2544. What is the tens digit of j(-43)?
4
Let m(b) = -b**2 + 20*b - 71. Let c be m(14). Suppose g - 947 = -4*y, c*g - 967 = -4*y + 16*g. What is the tens digit of y?
3
Suppose 5*n = 0, 77*n = -3*f + 81*n + 78339. What is the ten thousands digit of f?
2
Suppose s + q - 3 = -0*s, 15 = s + 5*q. Suppose 4*p + s*p - 4*u = 3732, 4*u = -2*p + 1878. What is the hundreds digit of p?
9
Suppose -2*d = 3*z - 199, 450 = 7*d - 2*d - 2*z. Let r = d + 90. Suppose -r = -x - 0*x + 3*s, 0 = -3*s - 15. What is the tens digit of x?
6
Suppose -2*d + 315*f + 29444 = 313*f, 3*f = d - 14706. What is the units digit of d?
0
Suppose 0*u = 9*u - 29367. Suppose -2*d - 589 = -u. What is the tens digit of d?
3
Let u(j) = -4*j + 12. Let r(s) be the second derivative of -s**5/20 + 5*s**4/3 + s**3/6 - 29*s**2/2 + 15*s. Let x be r(20). What is the tens digit of u(x)?
4
Suppose -9*y - 39 = -10*y. Suppose 20 = -7*m + 3*m, -2*s = -3*m - y. Suppose -2*a + 3*b + 265 = 2*a, -s = 4*b. What is the units digit of a?
4
Suppose -55 = 9*b - 2206. Suppose 5*a - 4459 = -b. What is the units digit of a?
4
Let j = -23 + 23. Let a(g) = 2*g - 913 + 910 + j*g + 135*g**3. What is the tens digit of a(1)?
3
Let s(d) = 920*d - 4859. What is the units digit of s(49)?
1
Suppose -x + q - 43 = 101, 2*x - 5*q = -273. Let s = -87 - x. Suppose -7*w = -5*w - s. What is the tens digit of w?
3
What is the thousands digit of (-324)/7*(3 + (-38184)/72)?
4
Suppose 28*d + 25*d = -38*d + 2241603. What is the tens digit of d?
3
Let d = -61 + 105. Suppose -d = -10*u - u. Suppose 2*j + 127 - 437 = -u*k, -4*k + 457 = 3*j. What is the hundreds digit of j?
1
Suppose -3*w - 12 = 6. Let u be (w - -2)*(-1 + -1 + 1). Suppose 0 = -9*v + u*v + 5*g + 315, -3*v = -4*g - 192. What is the tens digit of v?
6
Let h = 204 + -470. Let o = 594 + h. What is the units digit of o?
8
Let t be (22/(-4) - -2)*(-96)/28. Suppose -4*j = -t - 8. Suppose -5*x = -c - 111 - 624, -j*c = 3*x - 413. What is the tens digit of x?
4
Suppose -2*i + 806 = 2*v, 7*i - 4*i - 2*v = 1229. Let h = -298 + i. What is the tens digit of h?
0
Let o(v) = 11*v**2 + 59*v + 12. Let c be o(-5). Let a(p) = -2*p**3 - 16*p**2 + 2*p + 25. What is the units digit of a(c)?
9
Let j be 1/(-5) - 546/(-105). Suppose 2*m - 5*m + 26 = -5*l, -5*l - 30 = -j*m. Suppose 0 = 2*v - 2*b - 64, -28 - 16 = -m*v - 3*b. What is the units digit of v?
8
Let w = -610 + 695. Suppose -7*t - 195 = -2*t. Let l = t + w. What is the units digit of l?
6
Suppose 0 = 2*h - 13 - 3. Let v(z) = z**3 - 7*z**2 - 7*z - 5. Let m be v(h). Suppose r + 0*r - m*d =